07, 1039
List the prime factors of 663582918.
2, 3, 229, 482957
What are the prime factors of 648498614?
2, 19, 859, 19867
What are the prime factors of 49747637?
41, 1213357
List the prime factors of 593104699.
11, 53918609
What are the prime factors of 6318954?
2, 3, 351053
List the prime factors of 210813987.
3, 19, 61, 60631
What are the prime factors of 325892083?
11, 23, 117101
What are the prime factors of 1720204242?
2, 3, 286700707
What are the prime factors of 246972097?
1171, 210907
List the prime factors of 5185018.
2, 229, 11321
What are the prime factors of 48083447?
41, 173, 6779
What are the prime factors of 28125095?
5, 1483, 3793
List the prime factors of 22102564.
2, 11, 103, 4877
What are the prime factors of 3189748084?
2, 43, 103, 401, 449
List the prime factors of 487103299.
4799, 101501
List the prime factors of 1253664146.
2, 7, 89, 1006151
What are the prime factors of 58748618?
2, 181, 162289
List the prime factors of 536780059.
1061, 505919
What are the prime factors of 4934009583?
3, 61, 317, 28351
What are the prime factors of 52842838?
2, 19, 1390601
List the prime factors of 10948011.
3, 3649337
List the prime factors of 72133423.
1427, 50549
What are the prime factors of 3380167670?
2, 5, 11, 23087
What are the prime factors of 581519564?
2, 41, 3545851
List the prime factors of 44291641.
19, 2331139
What are the prime factors of 652587948?
2, 3, 6042481
What are the prime factors of 559101493?
2791, 200323
List the prime factors of 68184596.
2, 17046149
List the prime factors of 32138151.
3, 10712717
List the prime factors of 1692277494.
2, 3, 61, 4623709
List the prime factors of 514706053.
514706053
List the prime factors of 145500690.
2, 3, 5, 4850023
List the prime factors of 19195031.
67, 286493
What are the prime factors of 2574592148?
2, 43, 14968559
What are the prime factors of 101744778?
2, 3, 23, 737281
List the prime factors of 30955940.
2, 5, 19, 81463
What are the prime factors of 260849967?
3, 7, 12421427
What are the prime factors of 19268833?
769, 25057
What are the prime factors of 39092647?
11, 3553877
What are the prime factors of 2184697959?
3, 728232653
What are the prime factors of 1251334319?
19, 65859701
List the prime factors of 72040883.
17, 4237699
What are the prime factors of 48114714?
2, 3, 8019119
What are the prime factors of 3958436473?
1103, 3588791
What are the prime factors of 64886053?
64886053
What are the prime factors of 122378856?
2, 3, 151, 33769
What are the prime factors of 69694385?
5, 2003, 6959
List the prime factors of 71692866.
2, 3, 7, 568991
What are the prime factors of 27504324?
2, 3, 19, 79, 509
List the prime factors of 26963197.
379, 71143
What are the prime factors of 499249920?
2, 3, 5, 13, 73, 137
What are the prime factors of 3373324674?
2, 3, 562220779
List the prime factors of 148192424.
2, 59, 61, 5147
What are the prime factors of 1048621796?
2, 23, 11398063
What are the prime factors of 1817955596?
2, 29, 1061, 14771
What are the prime factors of 2753583451?
131, 937, 22433
List the prime factors of 77359457.
7, 11051351
List the prime factors of 6485460670.
2, 5, 13, 49888159
What are the prime factors of 42061773?
3, 13, 1078507
What are the prime factors of 800737469?
7, 16341581
What are the prime factors of 93191159?
179, 520621
What are the prime factors of 32607837?
3, 419, 8647
What are the prime factors of 16127169?
3, 17, 316219
List the prime factors of 59105777.
59105777
List the prime factors of 194977403.
17, 313, 36643
List the prime factors of 1325844093.
3, 7, 17, 3713849
What are the prime factors of 141612014?
2, 1583, 44729
List the prime factors of 794597437.
794597437
What are the prime factors of 241010897?
1049, 229753
List the prime factors of 1957490468.
2, 489372617
What are the prime factors of 755259802?
2, 11, 71, 131, 3691
What are the prime factors of 268656963?
3, 37, 2420333
What are the prime factors of 1578547106?
2, 139, 5678227
What are the prime factors of 2027977563?
3, 675992521
List the prime factors of 142220096.
2, 17, 67, 1951
List the prime factors of 56296327.
83, 89, 7621
List the prime factors of 540211111.
11, 49110101
What are the prime factors of 2399243563?
19, 7129, 17713
List the prime factors of 334372298.
2, 13, 19, 23, 29429
List the prime factors of 1112045.
5, 11, 20219
List the prime factors of 190682815.
5, 241, 158243
What are the prime factors of 840385656?
2, 3, 11, 19, 5077
What are the prime factors of 1104133378?
2, 761, 725449
List the prime factors of 82895778.
2, 3, 7, 219301
What are the prime factors of 179030859?
3, 7, 17, 31, 2311
List the prime factors of 5322172599.
3, 167, 3541033
What are the prime factors of 393174236?
2, 7, 13, 23, 6709
What are the prime factors of 2304263504?
2, 17, 37, 228961
List the prime factors of 514686331.
47, 491, 22303
What are the prime factors of 105305164?
2, 26326291
What are the prime factors of 215256154?
2, 29, 3711313
List the prime factors of 113178198.
2, 3, 7, 2694719
What are the prime factors of 141360291?
3, 1523, 10313
What are the prime factors of 95658898?
2, 17, 2813497
List the prime factors of 1387508697.
3, 107, 160091
List the prime factors of 140200277.
7, 20028611
List the prime factors of 232367506.
2, 7, 31, 76487
List the prime factors of 1306924121.
29, 3169, 14221
List the prime factors of 51070691.
7, 1042259
List the prime factors of 456447584.
2, 599, 23813
List the prime factors of 123994691.
29, 4275679
List the prime factors of 1728135898.
2, 97, 8907917
List the prime factors of 938765292.
2, 3, 5197, 15053
What are the prime factors of 84059381?
7, 12008483
List the prime factors of 609342944.
2, 7, 31, 87751
List the prime factors of 905869565.
5, 17, 293, 36373
List the prime factors of 5063217.
3, 1687739
List the prime factors of 1488400788.
2, 3, 7, 59, 300323
What are the prime factors of 225803268?
2, 3, 2090771
List the prime factors of 366939822.
2, 3, 61156637
What are the prime factors of 6428680618?
2, 29, 193, 574297
List the prime factors of 62910327.
3, 1559, 13451
List the prime factors of 496577071.
2557, 194203
What are the prime factors of 7321846910?
2, 5, 7, 23, 31, 146701
What are the prime factors of 306559215?
3, 5, 17, 223, 599
What are the prime factors of 1217910938?
2, 608955469
What are the prime factors of 691018790?
2, 5, 7, 11, 19, 149, 317
What are the prime factors of 52199113?
52199113
List the prime factors of 426444376.
2, 53305547
What are the prime factors of 569270499?
3, 7, 27108119
What are the prime factors of 728296865?
5, 29, 113, 44449
What are the prime factors of 42069927?
3, 1129, 12421
List the prime factors of 3658413064.
2, 19, 24068507
List the prime factors of 178405814.
2, 89202907
List the prime factors of 174383.
11, 83, 191
What are the prime factors of 947301659?
17, 83, 671369
List the prime factors of 266710264.
2, 2741, 12163
List the prime factors of 30232438.
2, 1483, 10193
List the prime factors of 177528096.
2, 3, 19, 32443
What are the prime factors of 31073084?
2, 7, 853, 1301
What are the prime factors of 3231409813?
3231409813
What are the prime factors of 453787575?
3, 5, 6050501
What are the prime factors of 839204099?
17, 5231, 9437
What are the prime factors of 520664701?
5693, 91457
What are the prime factors of 5227817669?
61, 85701929
What are the prime factors of 619075139?
53, 1193, 9791
List the prime factors of 39964462.
2, 401, 49831
What are the prime factors of 67218765?
3, 5, 17, 23, 73, 157
List the prime factors of 1716743288.
2, 13, 16507147
List the prime factors of 181964300.
2, 5, 7, 259949
What are the prime factors of 6973870842?
2, 3, 311, 1245779
List the prime factors of 482286483.
3, 7, 7655341
What are the prime factors of 599188320?
2, 3, 5, 53, 2617
List the prime factors of 245368072.
2, 17, 29, 62213
What are the prime factors of 26352925?
5, 53, 19889
What are the prime factors of 13194796?
2, 3298699
What are the prime factors of 1152285643?
157, 7339399
List the prime factors of 3680078617.
3680078617
List the prime factors of 154754343.
3, 373, 46099
List the prime factors of 70061703.
3, 23, 79, 12853
What are the prime factors of 1412085009?
3, 401, 1173803
What are the prime factors of 2588